{"id":29,"date":"2020-02-07T11:44:38","date_gmt":"2020-02-07T10:44:38","guid":{"rendered":"http:\/\/localhost\/cda\/?page_id=29"},"modified":"2020-02-08T18:48:54","modified_gmt":"2020-02-08T17:48:54","slug":"contacts","status":"publish","type":"page","link":"https:\/\/www.comptoirdesarts.com\/index.php\/contacts\/","title":{"rendered":"Contacts"},"content":{"rendered":"\n<h3 class=\"wp-block-heading\">Horaires<\/h3>\n\n\n\n<p>Du mardi au vendredi : 10:00 &#8211; 12:30 \/ 14:30 &#8211; 19:00<\/p>\n\n\n\n<p>samedi : 10:00 &#8211; 12:30 \/ 14:30 &#8211; 18:00<\/p>\n\n\n\n<p><strong>Ferm\u00e9 le lundi<\/strong><\/p>\n\n\n\n<h3 class=\"wp-block-heading\">Coordonn\u00e9es<\/h3>\n\n\n\n<p>Adresse : 57 av. G. Clemenceau 35400 Saint-Malo <\/p>\n\n\n\n<p>T\u00e9l\u00e9phone : 02.99.81.75.94  <\/p>\n\n\n\n<p>Mail :   <a href=\"mailto:lecomptoirdesarts@gmail.com\">lecomptoirdesarts@gmail.com<\/a><\/p>\n","protected":false},"excerpt":{"rendered":"<p>Horaires Du mardi au vendredi : 10:00 &#8211; 12:30 \/ 14:30 &#8211; 19:00 samedi : 10:00 &#8211; 12:30 \/ 14:30 &#8211; 18:00 Ferm\u00e9 le lundi Coordonn\u00e9es Adresse : 57 av. G. Clemenceau 35400 Saint-Malo T\u00e9l\u00e9phone : 02.99.81.75.94 Mail : lecomptoirdesarts@gmail.com<\/p>\n","protected":false},"author":1,"featured_media":0,"parent":0,"menu_order":0,"comment_status":"closed","ping_status":"closed","template":"template-contact.php","meta":{"spay_email":"","footnotes":""},"class_list":["post-29","page","type-page","status-publish","hentry"],"_links":{"self":[{"href":"https:\/\/www.comptoirdesarts.com\/index.php\/wp-json\/wp\/v2\/pages\/29","targetHints":{"allow":["GET"]}}],"collection":[{"href":"https:\/\/www.comptoirdesarts.com\/index.php\/wp-json\/wp\/v2\/pages"}],"about":[{"href":"https:\/\/www.comptoirdesarts.com\/index.php\/wp-json\/wp\/v2\/types\/page"}],"author":[{"embeddable":true,"href":"https:\/\/www.comptoirdesarts.com\/index.php\/wp-json\/wp\/v2\/users\/1"}],"replies":[{"embeddable":true,"href":"https:\/\/www.comptoirdesarts.com\/index.php\/wp-json\/wp\/v2\/comments?post=29"}],"version-history":[{"count":7,"href":"https:\/\/www.comptoirdesarts.com\/index.php\/wp-json\/wp\/v2\/pages\/29\/revisions"}],"predecessor-version":[{"id":46,"href":"https:\/\/www.comptoirdesarts.com\/index.php\/wp-json\/wp\/v2\/pages\/29\/revisions\/46"}],"wp:attachment":[{"href":"https:\/\/www.comptoirdesarts.com\/index.php\/wp-json\/wp\/v2\/media?parent=29"}],"curies":[{"name":"wp","href":"https:\/\/api.w.org\/{rel}","templated":true}]}}